15
Calculate (-12 + 16 - (7 - 3)) + 1.
1
Calculate 3 - ((-13 - -11) + 15).
-10
What is the value of 4 + -4 + 3 + (4 + -8 - -5)?
4
10 - (8 - (-7 - (-7 - 0)))
2
Calculate -139 - -109 - (-19 + -1).
-10
Evaluate -28 - (-7 - 9) - -26.
14
Evaluate 83 + -62 - (24 - 2).
-1
What is 15 + (-5 - -8) + (-5 - -3 - 3)?
13
What is -1 - 1 - (313 - 287)?
-28
What is the value of (6 - 4) + (3 + -8 - -12)?
9
Evaluate 136 + -81 + 2 + -36.
21
-18 + 21 + (-2 - -2) + 8
11
Evaluate 7 + -1 + 15 + -20 + (1 - -15).
17
Calculate -5 + (1 + 1 - (7 + -6 + 0)).
-4
What is the value of 1 + (1 - -5) - (3 + 24 + -4)?
-16
What is the value of 26 + 18 + 7 + -12 + -21?
18
-139 - -154 - (-1 - -32)
-16
Evaluate -4 + (-21 + 13 - -17 - 7).
-2
What is the value of 1 - 19 - (-29 + 24)?
-13
Evaluate -18 - (-7 - -1) - -6 - -22.
16
Evaluate -5 + 2 + 0 - ((-16 - -1) + 25).
-13
Evaluate (5 + -1 - (-21 + (-2 - -19))) + -16.
-8
Calculate 2 - (2 - 4 - -19).
-15
What is -3 - (14 - 0) - -13?
-4
What is 2 + -4 + 12 + -10 + 15?
15
-1 - -23 - 16 - -16
22
What is (20 - 15) + 3 + -15?
-7
2 - 0 - 2 - (-208 + 196)
12
What is the value of (114 - 42) + -4 + -32?
36
Evaluate (4 - 12) + 12 + -10 + 9.
3
Calculate -23 + 10 + 22 - (-5 - (-4 - -2)).
12
Evaluate (2 - -2) + -8 + 3 + 18.
17
What is the value of (56 - 33) + (-3 - (6 - -1))?
13
Calculate (-5 - (-2 - 0)) + (-5 - (-14 + 8)).
-2
-1 + 4 - (-10 + 26 + -3)
-10
What is -1 + (-310 - -327) + (-2 - 0 - 4)?
10
What is (0 - 0) + (-186 - -161)?
-25
-8 - -29 - 46 - -37
12
Evaluate 17 + (17 - 25) + 15 + -16.
8
What is the value of -10 - (-9 - (-18 - -21))?
2
-11 + (-2 - 2) + (65 - 32)
18
What is the value of (-4 + (3 - 0) - 1) + 9 - -14?
21
1 + (-33 - -4) + (-1 - -9)
-20
Evaluate (1 - -12) + -235 + 241.
19
What is the value of (28 - 1) + 37 + (23 - 62)?
25
Calculate (-3 - 5 - 4) + -4.
-16
Calculate -2 + (2 - -7) - (21 + -9 - 9).
4
What is the value of (-1 - -1) + (465 - 460) + 4 + 1?
10
What is (6 - 8) + 8 + -1 + -31?
-26
What is the value of -2 - 0 - (10 + -4 - 3 - 5)?
0
Calculate 6 + -6 + 0 + (118 - 98).
20
What is the value of (0 - (2 - -4)) + 70 + (-36 - -5)?
33
What is the value of -707 - -756 - (0 - -25)?
24
Calculate -75 + 92 + (-1 + -1 - -4).
19
Calculate 9 + (-2 - -15 - 18 - (1 - 8)).
11
What is the value of 37 + -28 + -30 + 53?
32
-18 - (-51 + 55 + -3 + 0)
-19
Evaluate -4 + 12 + (-150 - -129).
-13
Calculate 4 - (-10 + 17 + -9 - 3 - 4).
13
What is (11 - (5 - -6)) + 7 + 12?
19
Calculate -24 + (-5 - (-27 - 6)).
4
46 - 58 - (-3 + (2 - 3))
-8
Calculate (3 - -1) + -36 + (4 - 3).
-31
What is -34 + 51 + -44 + (17 - 2)?
-12
19 - (18 + (18 - 2))
-15
What is 16 + (-22 - -3) + 19?
16
Evaluate -26 - (-3 - (-2 + 11 + -10 + -1)).
-25
0 + -6 - 9 - -24
9
Evaluate -4 + (1 + 5 - (43 + -33)).
-8
What is the value of 8 - (1 + -6 + 6)?
7
What is the value of 19 - (-20 - (-43 + -12))?
-16
What is the value of (51 - 47) + -4 + 4 + 3?
7
-2 - 0 - 5 - (-23 - -35 - -7)
-26
Evaluate -11 + 19 - 9 - 14.
-15
Calculate -11 - (6 - (3 - -6)).
-8
Evaluate -9 + -18 + 20 + (4 - 1) + -7.
-11
Calculate (-3 - (8 - 28)) + -2 + 2.
17
Calculate (-7 - (-9 + 16)) + 27.
13
What is the value of -2 - (-26 - -46) - -19?
-3
Calculate -6 + (-5 - (-17 + 5)).
1
Calculate 12 + (-8 - -2 - (-3 - 11 - -16)).
4
1 + 25 - (2 + -17 - (12 + -23))
30
Calculate -8 + 8 + 4 + -14.
-10
Evaluate 34 + -2 + -8 - 15.
9
Evaluate 29 - (-3 - -62 - 9).
-21
What is (-11 - (7 - 9) - -10) + 3 + -12?
-8
What is the value of 1 + -5 - (16 - 34)?
14
What is (41 - 31 - -2) + -32?
-20
(16 - 5 - -3 - -5) + 50 + -54
15
Calculate -8 - (74 + -61 - (2 + -1 + 1)).
-19
40 - (37 + 7) - (1 + -1 - 6)
2
Evaluate -1 + (2 - 0) + (5 - (8 - 9)).
7
Calculate -20 - (-8 + (-16 - -20)).
-16
-5 + (23 - (7 + -10 + -3))
24
What is the value of -27 - -14 - (1 + 2) - (-11 + 12)?
-17
Evaluate 2 + -5 - ((5 - -4) + -2) - 6.
-16
What is -2 - 7 - 2 - (-9 - -10 - -1)?
-13
(-2 - -9) + 295 + -286
16
What is the value of 55 + -22 + -59 + 0?
-26
Evaluate 8 - (4 - (-6 + 4 + 0)).
2
Evaluate -6 - (-17 + (5 - -11) - (0 + 26)).
21
Calculate 1 + -20 - (-20 - (-32 + 17)).
-14
Evaluate -7 + 0 - (-241 + 227).
7
What is the value of 2 + -2 + (-2 - 5) + (4 - 1)?
-4
-2 - (3 + 6 + -15 - -6)
-2
Evaluate (2 - -1) + 2 + (-3 - (6 - 10)).
6
Evaluate -1 + 28 + 77 + (-78 - -2).
28
1 - 10 - (-1 + (9 - 13 - -3))
-7
Evaluate -7 + ((-10 - -3) + 1 - -14).
1
-13 - -13 - (-7 - 3 - -4)
6
Calculate -4 + (-3 - -8) + -11 + 1 + 2.
-7
What is the value of 2 + -10 + -5 - -9?
-4
Calculate -10 - (1 - (10 - (-10 - 0))).
9
Evaluate (5 + 1 - (5 + 9)) + 23.
15
Evaluate -9 - ((-20 - 3) + 5 + 6).
3
-3 + (4 + -6 - -6) - (-42 + 43)
0
Calculate 20 + (-7 - 11 - 21) - 16.
-35
What is the value of -7 + 21 + -5 + 1 + (-6 - -4)?
8
(-69 - -51) + -1 + 16
-3
17 + -29 + 22 + 2
12
What is the value of 0 + -5 - (-24 - (2 + -32))?
-11
What is the value of -7 + 7 + 1 + -8?
-7
Evaluate -11 + -4 + (0 - 7) + 3 + 4.
-15
72 + -54 + -8 + -27
-17
What is the value of -4 + 0 - (5 + 13 + -25 - 16)?
19
Evaluate 0 + -6 + 4 - (-8 - (-4 + 1)).
3
-33 - ((-7 + 4 - -1) + -5)
-26
What is the value of 12 + (-1 + -2 - (5 - (0 + 4)))?
8
Evaluate (-108 - -104) + (0 - -14).
10
Evaluate 15 - ((-3 - 1) + -18 + 9 + 22).
6
Calculate 16 + 1 - (-43 - -72).
-12
-33 - -33 - (10 - 5)
-5
What is the value of 2 + 2 - -6 - 15?
-5
What is the value of 5 + 0 + (-9 - 1) + 10?
5
Calculate 78 + -90 + (-1 - 0) + -2.
-15
Evaluate -8 + 5 + 12 + -4 + 15.
20
Evaluate -2 + (1 - -2) + -6 + -5 + 4.
-6
6 + (-15 - -1) + -15 + 20
-3
Evaluate 7 - ((2 - 0) + -219 + 226).
-2
Calculate (-3 - -12) + (20 - 1) + -15.
13
What is 19 - (46 - (4 + -1))?
-24
Evaluate (-6 - -4) + -4 + -6.
-12
Calculate (-4 + 10 + 10 + -5 - 8) + -7.
-4
What is 10 - (6 - (-17 + 27))?
14
Evaluate -2 - (-30 + 14) - (60 - 9).
-37
(15 - -4) + -15 - (-5 - 3)
12
What is 9 + (10 - 6) - 24?
-11
Evaluate (13 - -14) + -1 + -5 - (9 - 0).
12
What is 36 + -52 + (2 - (3 - 3))?
-14
-11 + -5 + 0 - (12 - 6 - 12)
-10
Calculate 9 + 2 + -20 + (-30 - -16).
-23
What is (-9 - -8) + (-3 - (6 + 3))?
-13
-15 + (18 - 11) - 13 - (-2 - 1)
-18
What is the value of (-4 - -7 - 16) + 11 + 2 + 1?
1
Calculate 20 + (16 - -2) + -51.
-13
What is the value of 2 + 1 + (-2 + -12 - (-6 - 1))?
-4
Evaluate 18 + 13 + (26 + -9 - 44).
4
What is -1 + 6 + -1 - (-12 - -8)?
8
2 - (12 + (-30 - -42))
-22
What is (1 - -1) + 6 + (10 - 16) + 0?
2
What is -29 - (5 + -12) - -15?
-7
Evaluate -30 - ((20 - 29) + -7).
-14
What is (-11 - -9) + -2 + -1 - (7 - 2)?
-10
Evaluate -8 - (70 + -77 - (-2 + -3 + 0)).
-6
Calculate -2 + (8 - (9 - 6 - -3)).
0
Calculate -6 + (0 - 0) - (13 + -8) - -4.
-7
Calculate -11 + 14 + -15 + 0 + 5 + -4.
-11
Calculate -3 + 0 - (-44 + -8 - -51).
-2
What is the value of (0 - 2) + -33 + 5 - (-9 + 3)?
-24
What is the value of (5 - ((-1 - -9) + -7)) + 10?
14
Calculate -4 - (-1 - 17) - (12 - 8).
10
Evaluate (-46 - -32) + 59 + -19.
26
17 + (2 + -3 + 1 - (-126 - -129))
14
(15 - 37) + 13 + 0 + -2
-11
Calculate -23 + -1 + (-20 + 7 - -8) + -1.
-30
What is the value of 74 + -40 - 46 - (3 - 12)?
-3
Calculate 24 + -76 - (-3 - 16).
-33
Calculate -3 + (-13 - -3 - -6) + 1 - 3.
-9
What is the value of -52 + 44 - (-2 - (-2 - (1 - -1)))?
-10
6 + ((0 - 2) + (27 - 26) - 6)
-1
Evaluate (1 - 11) + (154 - 137).
7
What is the value of 1 + 0 - (29 - 27) - (-6 + 7)?
-2
Evaluate -16 - (-7 - -20 - 20 - -16).
-25
What is -7 - (17 - -8 - 20)?
-12
What is the value of -3 - (23 + (0 - 14))?
-12
What is 10 - (-17 + -20 + -13 + 23)?
37
What is the value of -42 - (34 - (-15 + 91))?
0
Calculate 0 + (-7 - -36 - 13) + -31.
-15
What is -22 + (6 - 4) + 108 + -91?
-3
What is (-8 - (10 - 11)) + 13?
6
What is the value of -41 - (26 + -11 - 40)?
-16
Calculate -4 + 2 + (-28 - -41 - (-7 + 7)).
11
(7 + -14 + 5 - -6) + 4
8
Evaluate -4 - -1 - ((-4 - 10) + 4).
7
(0 - -5 - 12) + 16 + -12
-3
What is the value of 43 + (-12 + 4 - -10 - 18)?
27
7 + 7 + -2 + 1 + 3
16
Evaluate (18 - (9 + -6 + 14)) + (-20 - 2).
-21
Calculate -1 + 16 - (5 - 6 - -8).
8
Evaluate (1613 - 1630) + (-1 - -5) + -1.
-14
What is -14 - (1 + 19 - 7) - (-7 + 1)?
-21
Evaluate (39 - (70 - -8)) + 16.
-23
What is the value of 12 + -17 + 6 - (44 + -24)?
-19
What is 5 - (-4 - (-12 - (-9 + 10)))?
-4
15 + -57 + 9 + -3 + 11
-25
What is (9 - 6) + -6 + 12 - (-9 + 21)?
-3
-2 + 17 + -14 + -1 - -2
2
Calculate 19 + -1 + -1 + (47 - 22 - 31).
11
C